ctors of w.
41
Let w(z) = -z**2 - 19*z + 19. List the prime factors of w(-17).
53
Suppose 0*o + 5*q - 35 = -5*o, -3*q = 4*o - 24. Suppose 5*z - 6 = -2*d, -d = -z + o*z - 5. List the prime factors of d.
13
What are the prime factors of 2/(-6) + 110/15?
7
Let g(i) = -2*i + 7. What are the prime factors of g(-5)?
17
Let z(u) = 11*u + 32. Let y(g) = -g - 4. Let j be y(-7). Let d(q) = -4*q - 11. Let x(b) = j*z(b) + 8*d(b). List the prime factors of x(-6).
2
Let g = 26 + -7. List the prime factors of g.
19
Suppose 9 = 2*x + 1. Suppose 5*t = 3*w + 55, -x*t + 22 = -2*t - 5*w. List the prime factors of t.
11
Let y be 18/(-2*3/6). Let w = 28 - y. List the prime factors of w.
2, 23
Let o(y) = y**3 - 7*y**2 + 4. Let g be o(7). Suppose 0 = -5*h + z + 177, -h + g*z = 5*z - 39. List the prime factors of h.
2, 3
Suppose 4*i - 103 = -11. What are the prime factors of 1/6 + i/6?
2
Suppose -5 - 4 = 3*k + 4*y, 5*k - 4*y - 17 = 0. Suppose -2*a + 5 = -k. What are the prime factors of a?
3
Let l be 27*4/((-12)/(-3)). Suppose 5*o = 6*o - l. List the prime factors of o.
3
Let b(x) = 2*x**3 - 4 - 5*x**2 - 8*x + x + 7*x. What are the prime factors of b(4)?
2, 11
Suppose 6 = -x + 11. What are the prime factors of x?
5
Let y = -79 + 154. What are the prime factors of y?
3, 5
Suppose 0 = -5*s + 3*s + 6. Suppose s*d + 13 = -3*c + 58, -4*d - 5*c = -60. List the prime factors of d.
3, 5
Let y be (-4)/(-2) - (-8)/4. Suppose y*j - 6 = 70. List the prime factors of j.
19
List the prime factors of (-4 + 128/20)*5.
2, 3
Let f = -5 - -9. List the prime factors of -3*f*(1 + -2).
2, 3
Let r(n) = 5*n**2 + n**3 - 3 - 13*n - 2*n + 7*n. What are the prime factors of r(-6)?
3
Let q = 27 + -23. What are the prime factors of (2/q)/(4/248)?
31
Suppose -2*n + 46 = -112. List the prime factors of n.
79
Suppose 3*r - 528 = -3*r. List the prime factors of r.
2, 11
What are the prime factors of ((-15)/(-18))/((-5)/(-4))*237?
2, 79
Suppose s = -3*c + 365 - 30, -2*c - 3*s = -235. List the prime factors of c.
2, 5, 11
Let d(x) = 3*x**3 - x**2 + x. Let j be 2 - (0 + 0) - 1. Let n be d(j). List the prime factors of (-40)/(-6) - 2/n.
2, 3
Let g(s) = s**3 - 4*s**2 - 2*s + 3. Let k be g(4). Let t be 3 + (k + 2 - -2). What are the prime factors of (1 - t)/(1/(-11))?
11
List the prime factors of 1*1/((-2)/(-54)).
3
Let v = 46 - 22. Suppose -g - v = -3*g. What are the prime factors of g?
2, 3
Suppose 3 = h - 6. Suppose i - 4*i = -h. List the prime factors of i.
3
Suppose 122 + 33 = 5*a. List the prime factors of a.
31
Suppose -s + 0 = 2. Let t = s + 20. List the prime factors of t.
2, 3
Suppose -2*i = 4*l + 4, -4*i + l + 10 = 3*l. Let w(m) = m**3 - 3*m**2 - 3*m + 2. List the prime factors of w(i).
2, 3
Let b = -20 + 34. List the prime factors of -1 + b + 0 + -1.
2, 3
Let a(v) = -v**2 + v. Let y(f) = f**3 - 11*f + 8. Let i(d) = 5*a(d) + y(d). Let m be i(6). Suppose -2*z = -m - 28. What are the prime factors of z?
2, 3
Let q(u) be the third derivative of -2*u**2 + 0 - 1/24*u**4 + 0*u**3 + 0*u. List the prime factors of q(-9).
3
Let s = 8 + -7. What are the prime factors of s/(1 - 68/70)?
5, 7
Suppose 4*v - 16 = -3*t, 4*t - 16 = 5*v + 26. Suppose -t*q = -3*q - 105. What are the prime factors of q?
3, 7
What are the prime factors of ((-1)/(-2))/(19/1292)?
2, 17
Let w = 6 + -12. Let u(n) = n**3 + 8*n**2 + 7*n - 4. Let q be u(-7). What are the prime factors of (-58)/w - q/(-6)?
3
Suppose 4*m - 768 = -2*y, 3*m - 5*y - 744 = -142. What are the prime factors of m?
2, 97
Suppose 0*u - 2*u - 3*k + 26 = 0, u + 3*k = 7. What are the prime factors of u?
19
Suppose -5*n + 2*s = -53 - 351, -2*n + s = -161. What are the prime factors of n?
2, 41
Suppose 13 = -5*r - 82. Let z = r + 29. What are the prime factors of z?
2, 5
Let n = -4 - -9. Let x be ((-6)/8)/((-1)/(-4)). Let h = n + x. List the prime factors of h.
2
Suppose 0 = 2*n + 3*n - 60. Suppose 3*x + x = n. Suppose -2*t = -3*y + 17, 2*y - x*y + 3*t - 6 = 0. List the prime factors of y.
3
List the prime factors of 86/(-3)*(-12)/8.
43
What are the prime factors of (0 + (1 - 0))*55 + -1?
2, 3
Let k be 0 - -3 - (-6 - -4). Suppose 4*g - q + 11 = g, -5 = k*g + 5*q. List the prime factors of (-91)/14*(1 + g).
13
Let x(d) = d**3 - 3*d**2 - 7*d + 6. Let m be x(4). Let z be (-40)/12 - 2/m. Let b = z - -8. List the prime factors of b.
5
Let b(s) = -s**3 + 8*s**2 - 3*s + 3. Let v be b(7). Let r = -7 + v. What are the prime factors of r?
2, 3
Suppose 0*u - 200 = -5*u. What are the prime factors of u?
2, 5
Suppose 5*c = -3*x + 40, -2*x - 5 = -4*c + x. Suppose 2*t + 8 = -2*w, 0 = 2*t + 5*w + c + 6. What are the prime factors of -5*(-6)/(-15)*t?
2, 3
Suppose 0 = v - 3 + 11. Let l(f) = -f**3 - 7*f**2 + 7*f + 7. What are the prime factors of l(v)?
3, 5
Suppose -5*m - 7 = -2. Let s be -2 - -7*(1 - m). Suppose 10 = j + 3*f - 6, 4*j - s = f. What are the prime factors of j?
2
Let l(c) = 11*c**2 + 5*c + 67. List the prime factors of l(-6).
433
Let q = -12 - -17. Suppose -t = -5*n - 19, 5*t + 30 = -5*n + 95. Let u = t - q. List the prime factors of u.
3
Suppose 2*l + 4*y + 8 = 0, -l + 2*y = -2*y + 22. Let p = l + 4. List the prime factors of (-6)/9 - 52/p.
2
Suppose 5*y - 1715 = -305. What are the prime factors of y?
2, 3, 47
Suppose n - 14 = -0*n. Suppose 2*a = 4*m - n, 2*a + 5 = -3*a. Let v = 5 - m. What are the prime factors of v?
2
Let a(l) = 33*l + 12. List the prime factors of a(3).
3, 37
Suppose k + 1 = 53. List the prime factors of k.
2, 13
Suppose 0 = 2*s - s - 107. What are the prime factors of (-4)/14 - s/(-7)?
3, 5
Suppose -14*a + 16*a - 48 = 0. List the prime factors of a.
2, 3
Suppose -a - 5 = 0, q + a - 35 = 3*a. List the prime factors of q.
5
Let m be ((-56)/(-20))/((-2)/(-60)). Suppose -6*w = -2*w - m. Let a = w + -11. What are the prime factors of a?
2, 5
Let r = 217 + -148. Let z = r - 38. List the prime factors of z.
31
Let f(p) = p**2 + p - 1. Let n be f(-3). Let x(t) = -t**3 + 4*t**2 + 5*t + 2. Let z be x(n). Suppose -o - 11 = -z*o. What are the prime factors of o?
11
Suppose -o = m - 4, 3 + 5 = 2*m + 3*o. Suppose 0 = -h + m, q + 5*h = -2*q + 35. List the prime factors of q.
5
Suppose 33 = -3*j + 27. Let r be (-26)/5*(3 - -2). List the prime factors of (r/(-1 - j))/(-2).
13
Let i = 8 + -4. Suppose -g + i = -4. List the prime factors of g.
2
List the prime factors of 1 + -2*(4 + -63).
7, 17
Suppose -1047 = -6*w - 69. List the prime factors of w.
163
Let u(f) = -6*f**3 - 3*f**2 + 1. Let w be u(-2). Suppose 0 = -5*l - o + w, 2*l - l - 14 = 2*o. What are the prime factors of l?
2
Let z(c) be the second derivative of c**4/12 + c**3/6 - 2*c**2 - c. Let t(f) = 3*f. Let u be t(-1). What are the prime factors of z(u)?
2
Let m(d) = d**2 - 2*d + 50. List the prime factors of m(0).
2, 5
Let u(q) = q - 1. Let n be u(3). Suppose -n*w = 3*w - 30. What are the prime factors of w?
2, 3
Let z be (-5)/(-25) - (-28)/10. Suppose -13 = z*b - 3*u - 2*u, 3*b + u = 17. What are the prime factors of 80/13 + b/(-26)?
2, 3
Let p = 1 + 1. Suppose p*m + 0 = 12. Suppose 13 = 3*h + 4*t - 3*t, 3*t - m = 2*h. What are the prime factors of h?
3
Suppose -i + 16 = -8. List the prime factors of i.
2, 3
Suppose -4*o + 206 = -2*y, 3*y = 2*o + 3*o - 256. What are the prime factors of o?
53
Suppose y + 2*m - 2 = 0, -2 = 4*y - 5*y + 2*m. Suppose n - 2 = y. List the prime factors of (-5)/3*(1 - n).
5
Let j be (-1 + 1)/((-9)/3). Suppose 6 = 5*t - 3*y - j*y, 4*t + 2*y - 18 = 0. List the prime factors of t.
3
Suppose 3*u + 8 = 7*u. Suppose -u*f - 7 + 69 = 0. List the prime factors of f.
31
Let r(w) = w**3 + 10*w**2 + w + 3. List the prime factors of r(-9).
3, 5
List the prime factors of (-395)/10*-2 + -3.
2, 19
Suppose -2*a - t + 5 = 0, -3*t + 16 = a + 1. Suppose a = -5*r + 2*w + 45, -18 = -4*r + 2*r - 5*w. What are the prime factors of r?
3
Suppose i - 88 - 44 = 0. What are the prime factors of i?
2, 3, 11
Let s be 2 - 4 - 152/(-2). Let c be s/12 + (-5)/30. Suppose 6 = 2*o, 0 = 3*f - 5*o - c - 0. What are the prime factors of f?
7
Suppose -a = y - 21, 4*y = -0*a + 2*a - 66. What are the prime factors of a?
5
Let a be 67/13 - (-10)/(-65). Suppose a*m - 2*m = 42. What are the prime factors of m?
2, 7
Let f = -49 + 64. List the prime factors of f.
3, 5
Suppose -3*m - 4*w + 38 = 0, 4*m = -0*w + 3*w + 59. List the 